r?
False
Is 207472448839 prime?
True
Is 25441518703 composite?
True
Is 20373414293 a composite number?
False
Is 113492047 composite?
True
Is 471347239 prime?
False
Is 907511417 a prime number?
True
Is 57995783 a prime number?
True
Is 4097332087 prime?
True
Is 1784194889 composite?
False
Is 3568451713 prime?
True
Is 25231737169 a prime number?
True
Is 627761163 a composite number?
True
Is 8898703717 a prime number?
False
Is 4043561719 prime?
True
Is 130241971 a prime number?
True
Is 3501340397 prime?
True
Is 12915046843 a prime number?
False
Is 32056522579 a composite number?
False
Is 8153694169 prime?
True
Is 4504245407 prime?
True
Is 185014851167 prime?
False
Is 334525901 a prime number?
True
Is 65856620779 a composite number?
False
Is 1123142411 a prime number?
True
Is 6735429647 prime?
True
Is 5598647159 prime?
False
Is 142011347 a composite number?
True
Is 8302607711 composite?
True
Is 30907392881 prime?
True
Is 1462466791 a prime number?
False
Is 451495031 prime?
False
Is 3707659321 a prime number?
False
Is 336293515 composite?
True
Is 7369601579 a composite number?
False
Is 1337448185 prime?
False
Is 2099036783 a prime number?
False
Is 8210071039 a prime number?
True
Is 349609801 a prime number?
True
Is 1478991719 a prime number?
False
Is 113825377 prime?
False
Is 1046983957 composite?
False
Is 1168595851 composite?
False
Is 141669825613 a prime number?
True
Is 345125797 composite?
False
Is 228933581 a composite number?
False
Is 931467053 a prime number?
False
Is 79533501529 composite?
True
Is 9698335429 a composite number?
True
Is 209571449 a prime number?
False
Is 42061188187 a composite number?
False
Is 9419207141 a prime number?
True
Is 492096469 a prime number?
False
Is 649435573 prime?
False
Is 27218340515 a prime number?
False
Is 12251873893 composite?
True
Is 9186477809 a prime number?
True
Is 1902264967 a prime number?
False
Is 988116377 a prime number?
True
Is 42046292891 a composite number?
False
Is 1340558207 composite?
False
Is 4246960127 a prime number?
False
Is 190106863 a composite number?
True
Is 1467075359 a prime number?
False
Is 8990877403 a prime number?
True
Is 39825382229 composite?
False
Is 86807217529 a prime number?
False
Is 840648086 a prime number?
False
Is 5905770901 a prime number?
True
Is 202801931 a composite number?
False
Is 26287083217 a composite number?
False
Is 61856336023 a composite number?
False
Is 60794216159 a prime number?
True
Is 20177459903 composite?
False
Is 1160772031 a prime number?
True
Is 286140303679 prime?
True
Is 1102065359 composite?
True
Is 1252078427 a prime number?
True
Is 1422572433 a prime number?
False
Is 87270551869 prime?
True
Is 14493281461 a prime number?
False
Is 183048527645 a prime number?
False
Is 1888180673 composite?
False
Is 1009019801 a prime number?
False
Is 3705232621 a prime number?
True
Is 565940126 a composite number?
True
Is 281818250933 a prime number?
True
Is 2621165047 a prime number?
True
Is 1083803249 a composite number?
False
Is 110279341 a composite number?
False
Is 3461432501 a prime number?
True
Is 3132291559 prime?
False
Is 1817799563 prime?
True
Is 21781923161 prime?
True
Is 56166884179 a composite number?
True
Is 5132168215 composite?
True
Is 21446981746 a prime number?
False
Is 516923107 a prime number?
True
Is 6451450669 prime?
True
Is 34843327747 a composite number?
True
Is 1905862141 a prime number?
False
Is 311000119 a composite number?
True
Is 637225861 a prime number?
True
Is 10135584937 composite?
False
Is 7170448037 composite?
True
Is 6964231163 a prime number?
True
Is 20584110811 a prime number?
False
Is 3438457859 a prime number?
False
Is 21155067041 a prime number?
True
Is 207330311 a prime number?
True
Is 877157455 prime?
False
Is 27526887257 a prime number?
True
Is 143786278173 a prime number?
False
Is 11064140987 composite?
True
Is 142012147 a composite number?
True
Is 57487404517 prime?
True
Is 5538108911 a composite number?
True
Is 16750788077 a composite number?
False
Is 382479362281 a composite number?
True
Is 654542597 a composite number?
True
Is 15912241153 a composite number?
False
Is 17548867123 a prime number?
True
Is 259413839 a composite number?
False
Is 19011910685 a prime number?
False
Is 10580972651 composite?
False
Is 1087998733 a prime number?
True
Is 58324499203 composite?
False
Is 515693261 a composite number?
False
Is 6884430463 a composite number?
True
Is 3206125477 a prime number?
False
Is 13824916547 a prime number?
False
Is 250164251 a prime number?
False
Is 5436720626 a composite number?
True
Is 7478600933 a prime number?
True
Is 278366303 a prime number?
True
Is 139243623565 composite?
True
Is 7936859681 a composite number?
True
Is 3177153407 composite?
True
Is 1657880573 prime?
False
Is 37082948713 a composite number?
True
Is 636862031 composite?
True
Is 4256361797 a composite number?
False
Is 9641974367 prime?
True
Is 4555491973 prime?
True
Is 50638187 a composite number?
True
Is 37219289257 a prime number?
True
Is 104723657317 prime?
True
Is 14506606043 a prime number?
True
Is 2777789611 a composite number?
False
Is 6258289223 prime?
False
Is 10205840819 a prime number?
True
Is 6777944143 composite?
True
Is 91119570197 a composite number?
False
Is 427749917 a prime number?
False
Is 11415122267 prime?
False
Is 79725643331 composite?
False
Is 3842388443 a composite number?
True
Is 39857680019 a composite number?
True
Is 813397469 a prime number?
False
Is 319120733 composite?
True
Is 266731237 composite?
False
Is 10634601781 a prime number?
False
Is 5795365381 a composite number?
True
Is 1558482031 a composite number?
True
Is 521421289 a prime number?
True
Is 34640664178 composite?
True
Is 488476211 composite?
True
Is 496797997 composite?
True
Is 3203575439 composite?
False
Is 4338406997 a prime number?
True
Is 524308709 prime?
True
Is 1214822987 prime?
False
Is 145359317 prime?
True
Is 58436668163 a prime number?
True
Is 2565637103 a composite number?
False
Is 120454468471 composite?
False
Is 5574828467 prime?
False
Is 72210980909 a composite number?
True
Is 2334549949 a prime number?
True
Is 3958508759 a composite number?
True
Is 7747043611 prime?
True
Is 381807112097 a composite number?
True
Is 1714247527 a prime number?
True
Is 29381895757 composite?
True
Is 341656971 a prime number?
False
Is 296978819 a composite number?
True
Is 5327378123 a prime number?
True
Is 93905178607 a prime number?
True
Is 66152676217 prime?
True
Is 4356846227 composite?
False
Is 1914421903 a composite number?
True
Is 29031050567 a prime number?
True
Is 45716404081 a prime number?
True
Is 51444037 composite?
False
Is 407023652917 prime?
False
Is 10733414851 a prime number?
True
Is 11189567 a prime number?
True
Is 2153512501 prime?
False
Is 22578741833 composite?
False
Is 152198719481 composite?
False
Is 295141829 prime?
True
Is 44287097 a prime number?
True
Is 7171207399 composite?
False
Is 20588005439 a prime number?
False
Is 3501543083 a composite number?
False
Is 12793900619 a composite number?
False
Is 111030400571 composite?
False
Is 174808604255 composite?
True
Is 644146259 composite?
True
Is 1069894349 prime?
False
Is 35494958591 a composite number?
True
Is 28732619387 a prime number?
False
Is 58752988685 composite?
True
Is 4184197903 a composite number?
False
Is 40242249067 composite?
False
Is 65477837699 prime?
True
Is 1211232277 a composite number?
False
Is 9834664855 prime?
False
Is 16050959 prime?
True
Is 4324702441 a composite number?
True
Is 588803881 prime?
True
Is 3923244337 a composite number?
False
Is 2886682589 a prime number?
False
Is 49758292657 a prime number?
False
Is 3138749749 prime?
True
Is 1822447463 a prime number?
False
Is 11824736923 prime?
True
Is 275781449171 a composite number?
False
Is 204343079 a composite number?
False
Is 57671640339 a composite number?
True
Is 611151563 composite?
True
Is 185734867 prime?
False
Is 34840243981 a prime number?
False
Is 190750463 a prime number?
True
Is 1565304409 prime?
False
Is 10229242279 a composite number?
False
Is 3557516327 prime?
False
Is 1996402513 a prime number?
False
Is 94582901 prime?
False
Is 317868977 composite?
False
Is 7294215917 prime?
False
Is 1043289109 composite?
True
Is 758541299 a prime number?
True
Is 56375264447 composite?
True
Is 2